01 prime?
False
Is 50467405913 prime?
True
Is 369255281 composite?
True
Is 32144921 prime?
True
Is 15440267387 a composite number?
False
Is 983259779 a prime number?
True
Is 5380069441 prime?
False
Is 1965087781 a prime number?
True
Is 1582283221 a prime number?
False
Is 8674230829 a composite number?
True
Is 29132773053 composite?
True
Is 83269505639 a composite number?
False
Is 50549803595 prime?
False
Is 120240761 prime?
False
Is 2916782129 a composite number?
True
Is 594528853 prime?
True
Is 24449380421 composite?
True
Is 298394323 a prime number?
True
Is 1535367179 a composite number?
True
Is 1697695193 a composite number?
False
Is 2179216555 prime?
False
Is 1126568377 a prime number?
False
Is 265745141 a composite number?
False
Is 22013899441 prime?
True
Is 326768939 composite?
True
Is 23823441409 a prime number?
True
Is 8456635097 a prime number?
True
Is 2526745927 prime?
True
Is 6625424783 a composite number?
False
Is 1671031849 prime?
True
Is 5493924379 a prime number?
False
Is 1515173467 composite?
True
Is 249259915 a prime number?
False
Is 2447381239 a composite number?
False
Is 1403905469 prime?
True
Is 240960967031 a composite number?
False
Is 5558320277 composite?
True
Is 331244989 a composite number?
True
Is 52673089993 a composite number?
True
Is 232391491 a prime number?
True
Is 39757557001 prime?
False
Is 28237193609 a composite number?
False
Is 7100958197 a prime number?
False
Is 47579626597 composite?
True
Is 76352344207 a composite number?
False
Is 62978615839 a prime number?
False
Is 3166091042 a composite number?
True
Is 4069182023 composite?
False
Is 3326608694 prime?
False
Is 1846231747 a prime number?
True
Is 1684715951 a prime number?
True
Is 25196111989 a prime number?
False
Is 255655151 composite?
False
Is 349864387 a prime number?
True
Is 10331014699 composite?
True
Is 4838069 a composite number?
True
Is 72482673 a composite number?
True
Is 45166802458 composite?
True
Is 4702727083 a composite number?
True
Is 2266123583 a prime number?
False
Is 29467113061 prime?
False
Is 14982738133 a prime number?
False
Is 3677017831 a composite number?
False
Is 2442829243 a composite number?
True
Is 470432873 prime?
True
Is 1367215651 composite?
False
Is 61478957 a prime number?
True
Is 83904217547 a prime number?
True
Is 274818029 composite?
False
Is 174720823 a prime number?
True
Is 825601397 composite?
False
Is 2559904769 prime?
True
Is 26446092611 a composite number?
False
Is 115722363023 a composite number?
True
Is 1291596689 composite?
True
Is 4278162082 composite?
True
Is 819768347 prime?
False
Is 18309090923 a prime number?
False
Is 96291539 a composite number?
False
Is 242774255 composite?
True
Is 81078715997 prime?
False
Is 3335778401 a composite number?
True
Is 7069577023 a prime number?
False
Is 75353401547 a prime number?
True
Is 2877090913 prime?
False
Is 18161948806 composite?
True
Is 1142491657 composite?
True
Is 94562929841 prime?
True
Is 714372523 a prime number?
False
Is 1477881011 a prime number?
False
Is 7771630541 composite?
False
Is 14025072781 a composite number?
False
Is 154914983 a composite number?
False
Is 287888977 a composite number?
False
Is 295695503 a composite number?
False
Is 35645005523 a composite number?
True
Is 35478094811 a prime number?
True
Is 120584165073 a composite number?
True
Is 6890090059 a composite number?
True
Is 2219031649 a composite number?
False
Is 138623113781 a composite number?
False
Is 42079134127 a composite number?
False
Is 14630313517 a prime number?
False
Is 141191039603 a prime number?
False
Is 404813713 a composite number?
False
Is 18416251459 a prime number?
True
Is 41342856509 composite?
False
Is 6360431347 composite?
True
Is 93387713 a prime number?
False
Is 4378663331 a prime number?
False
Is 627167051 a prime number?
False
Is 5832181 a composite number?
False
Is 2256886565 a composite number?
True
Is 180113653 composite?
True
Is 1477781821 a composite number?
True
Is 199925534 prime?
False
Is 3063903979 a composite number?
False
Is 1393165687 prime?
True
Is 710197061 composite?
True
Is 16882912531 a composite number?
False
Is 10501988071 a composite number?
True
Is 108672313441 prime?
True
Is 4031702098 a prime number?
False
Is 40289427599 composite?
False
Is 12920582713 a prime number?
True
Is 87136982923 a prime number?
True
Is 403484435 prime?
False
Is 8767838329 a composite number?
False
Is 54650346389 a composite number?
False
Is 135750986893 a prime number?
True
Is 918147683 prime?
False
Is 57586136533 composite?
True
Is 76736944231 a composite number?
False
Is 205801361 a prime number?
False
Is 28047570967 composite?
True
Is 4604103853 prime?
False
Is 14164089899 prime?
False
Is 3096540301 prime?
False
Is 26093186689 a prime number?
True
Is 17459775719 composite?
False
Is 1547775521 prime?
True
Is 1385219831 a prime number?
True
Is 66805332539 a prime number?
False
Is 161709177319 composite?
True
Is 39999242741 composite?
True
Is 151358303 a composite number?
True
Is 1079259821 prime?
False
Is 6036402499 prime?
False
Is 6442381263 prime?
False
Is 98292381529 a composite number?
True
Is 8727959893 a composite number?
False
Is 4064580313 composite?
False
Is 2269746781 prime?
False
Is 31379369277 a prime number?
False
Is 6194706499 prime?
False
Is 19545464261 a composite number?
True
Is 25037002231 composite?
True
Is 1387424719 a composite number?
False
Is 19029090571 prime?
True
Is 826929331 a prime number?
True
Is 1486792973 a composite number?
True
Is 631968223 prime?
False
Is 160926264269 composite?
False
Is 16612976327 a composite number?
True
Is 210075757 a composite number?
False
Is 3852466613 a composite number?
False
Is 22882677079 prime?
False
Is 3105011609 composite?
True
Is 1313804983 a composite number?
False
Is 616913611 a prime number?
True
Is 1065402913 a composite number?
True
Is 18150584383 composite?
True
Is 1257957023 composite?
False
Is 5003098913 a prime number?
False
Is 151629413233 a prime number?
False
Is 620178547 a prime number?
False
Is 4821810713 prime?
False
Is 47026784947 composite?
False
Is 8693338937 a composite number?
True
Is 677038937 a prime number?
True
Is 39112421147 prime?
False
Is 2276721367 prime?
True
Is 525413341 a prime number?
False
Is 234718365551 composite?
False
Is 2175375751 composite?
False
Is 6166041521 composite?
True
Is 4745372179 a composite number?
False
Is 9617367841 prime?
True
Is 52430597 prime?
False
Is 477978373 prime?
True
Is 1061622707 prime?
False
Is 42607638427 a prime number?
True
Is 32446044947 a prime number?
True
Is 38143572043 composite?
False
Is 14584681801 composite?
False
Is 12952770643 a composite number?
True
Is 497227331 a composite number?
True
Is 813065263 a prime number?
True
Is 1300364701 prime?
False
Is 607653281 prime?
True
Is 15353092351 prime?
False
Is 24559263427 a prime number?
True
Is 911352685 a prime number?
False
Is 2614049509 prime?
False
Is 3706818763 prime?
False
Is 484322983 a composite number?
True
Is 9339969263 composite?
False
Is 64171088903 prime?
False
Is 9091269191 a composite number?
False
Is 36055696829 prime?
True
Is 823123183 prime?
False
Is 23907287 composite?
True
Is 1271492641 a composite number?
False
Is 2038789871 a prime number?
False
Is 15457237111 a composite number?
True
Is 239032867 a prime number?
False
Is 821112661 composite?
True
Is 136228305727 prime?
True
Is 4080699809 a composite number?
True
Is 12127302926 composite?
True
Is 2999729197 a prime number?
False
Is 12169601849 prime?
False
Is 98786431 a prime number?
False
Is 16796413709 a prime number?
True
Is 2357719583 composite?
True
Is 12273807389 a prime number?
True
Is 279596459 composite?
False
Is 1430696027 prime?
False
Is 580394293 composite?
False
Is 355518741 prime?
False
Is 3311890102 composite?
True
Is 1277332769 composite?
False
Is 656862931 a composite number?
False
Is 1632036527 composite?
True
Is 15150770569 prime?
False
Is 24016727729 a composite number?
True
Is 161019112511 a prime number?
True
Is 5926044013 a prime number?
False
Is 232119090667 a prime number?
True
Is 463552121 a prime number?
True
Is 136125299 composite?
False
Is 3751968479 composite?
True
Is 2076561499 composite?
False
Is 1590848267 a composite number?
True
Is 3485939 a composite number?
False
Is 